{"id":22,"date":"2017-09-29T11:50:17","date_gmt":"2017-09-29T08:50:17","guid":{"rendered":"https:\/\/ospentos.ee\/web\/?page_id=22"},"modified":"2021-12-21T09:19:13","modified_gmt":"2021-12-21T07:19:13","slug":"terminal-handling","status":"publish","type":"page","link":"https:\/\/ospentos.ee\/web\/et\/teenused\/terminal-handling\/","title":{"rendered":"Kaubaterminal"},"content":{"rendered":"<h2>Taristu<\/h2>\n<p>Ospentos opereerib Tallinna Lennujaamas (TLL) kahes lennukauba terminalis, milles m\u00f5lemal juurdep\u00e4\u00e4s lennujaama-alale. Kaubaterminalide pinda on kasutuses 2100 m2 ning omavad tolliterminali staatust. V\u00f5imalik on k\u00e4sitleda nii lahtist kui ka palletiseeritud (ULD) lennukaupa. Eraldi alad ja sisustus on temperatuuri-n\u00f5uetega kaubale, ohtlike ainete saadetistele ning turvan\u00f5uetega v\u00e4\u00e4ris-saadetistele.<\/p>\n<h2>ULD k\u00e4itlus<\/h2>\n<p>Spetsiaalne sisseseade koos rullradadega on kasutuses ULD-ide komplekteerimiseks \/ lammutamiseks, kaalumiseks, ladustamiseks, loovutamine lennukisse laadimiseks v\u00f5i laadimiseks treileritesse. K\u00f5ik tingimused on olemas, et pakkuda terminalik\u00e4itlust ka suurimatele kaubalennukite teenindamiseks.<\/p>\n<h2>Terminaliteenused<\/h2>\n<p>K\u00f5ik terminaliteenused on hallatud spetsiaalselt lennukauba terminalidele arendatud IT-s\u00fcsteemiga Q-Step (<a href=\"https:\/\/qstep.eu\">https:\/\/qstep.eu)<\/a>. S\u00fcsteem on v\u00f5imeline k\u00e4itlema paberivaba\u00a0<em>e-freight<\/em> lennusaadetisi ning on t\u00e4ielikult integreeritud teenindavate lennufirmade, RFS-teenusepakkujate, ekspedeerijate ning tolli-s\u00fcsteemiga. See teeb v\u00f5imalikuks pakkuda terminaliteenuseid k\u00f5ikidele osapooltele efektiivselt ning minimaalse ajakuluga, samas minimeerides inimfaktorist tingitud eksimusi.<\/p>\n<p>Terminal on avatud:<br \/>\nTerminalik\u00e4itlus ning saadetiste vastuv\u00f5tt:\u00a0 \u00a0E-P 06:00 &#8211; 24:00<br \/>\nTerminali klienditeenindus:\u00a0 \u00a0 \u00a0 \u00a0 \u00a0 \u00a0 \u00a0 \u00a0 \u00a0 \u00a0 \u00a0 \u00a0 \u00a0 \u00a0E-R 08:00 &#8211; 18:00<\/p>\n<h2>Julgestus<\/h2>\n<p>Saadetiste julgestamiseks on kasutuses l\u00e4bivalgustus-seade ja l\u00f5hkeaine j\u00e4\u00e4kide detektor. T\u00f6\u00f6tajad on koolitatud ja sertifitseeritud, et teostada julgestuskontrolli lennukauba ning lennuposti saadetistele.<\/p>\n<p><strong><a href=\"https:\/\/ospentos.ee\/web\/referentsid\/kaubaterminal\/?lang=et\">Meie poolt teenindavate lennufirmade nimekiri<\/a><\/strong><\/p>\n<p>Terminali asukoht ja kontaktid:<\/p>\n<p>Valukoja 32\/3 (Korpus 5),<br \/>\n11415 Tallinn,<br \/>\nEstonia<\/p>\n<p>GPS koordinaadid: <a href=\"https:\/\/www.google.ee\/maps\/place\/59%C2%B025'07.7%22N+24%C2%B048'46.6%22E\/@59.4188,24.8107446,17z\/data=!3m1!4b1!4m5!3m4!1s0x0:0x0!8m2!3d59.4188!4d24.8129333?hl=en\">59\u00b025&#8217;07.7&#8243;N\u00a0 024\u00b048&#8217;46.6&#8243;E<\/a><\/p>\n<p>Telefon: +372 6058 777<br \/>\ne-mail: <a href=\"mailto:tll.terminal[@]ospentos.com\">tll.terminal[@]ospentos.com<\/a><\/p>\n","protected":false},"excerpt":{"rendered":"<p>Taristu Ospentos opereerib Tallinna Lennujaamas (TLL) kahes lennukauba terminalis, milles m\u00f5lemal juurdep\u00e4\u00e4s lennujaama-alale. Kaubaterminalide pinda on kasutuses 2100 m2 ning&#8230;<\/p>\n","protected":false},"author":1,"featured_media":0,"parent":10,"menu_order":20,"comment_status":"closed","ping_status":"closed","template":"","meta":{"_acf_changed":false,"footnotes":"","_links_to":"","_links_to_target":""},"class_list":["post-22","page","type-page","status-publish","hentry"],"acf":[],"_links":{"self":[{"href":"https:\/\/ospentos.ee\/web\/wp-json\/wp\/v2\/pages\/22","targetHints":{"allow":["GET"]}}],"collection":[{"href":"https:\/\/ospentos.ee\/web\/wp-json\/wp\/v2\/pages"}],"about":[{"href":"https:\/\/ospentos.ee\/web\/wp-json\/wp\/v2\/types\/page"}],"author":[{"embeddable":true,"href":"https:\/\/ospentos.ee\/web\/wp-json\/wp\/v2\/users\/1"}],"replies":[{"embeddable":true,"href":"https:\/\/ospentos.ee\/web\/wp-json\/wp\/v2\/comments?post=22"}],"version-history":[{"count":11,"href":"https:\/\/ospentos.ee\/web\/wp-json\/wp\/v2\/pages\/22\/revisions"}],"predecessor-version":[{"id":944,"href":"https:\/\/ospentos.ee\/web\/wp-json\/wp\/v2\/pages\/22\/revisions\/944"}],"up":[{"embeddable":true,"href":"https:\/\/ospentos.ee\/web\/wp-json\/wp\/v2\/pages\/10"}],"wp:attachment":[{"href":"https:\/\/ospentos.ee\/web\/wp-json\/wp\/v2\/media?parent=22"}],"curies":[{"name":"wp","href":"https:\/\/api.w.org\/{rel}","templated":true}]}}